 the prime factors of j?
5, 13
Suppose -4*c + 88 - 32 = 0. Let u = 21 - c. Let d = -5 + u. What are the prime factors of d?
2
Let m = 616 - 607. What are the prime factors of m?
3
Let a = 11 - 4. Let z = a - 4. Suppose v + o - 36 = 0, -3*v + 106 = 2*o + z*o. What are the prime factors of v?
37
Suppose -23*z + 19524 = -3315. What are the prime factors of z?
3, 331
Suppose 0 = 69*v - 67*v - 2606. List the prime factors of v.
1303
Let z(u) = 258*u**2 - 7*u - 4. List the prime factors of z(-1).
3, 29
Suppose -2*a + 3*q - 4 = -2, 2*q = 3*a - 7. Suppose -4 = 2*b, -a*l + 0*l - 92 = b. List the prime factors of 6/l + (-127)/(-3).
2, 3, 7
Let k = 22 + -13. Let u = k + 8. List the prime factors of u.
17
Let a(u) = 9*u**2 + 11*u + 22. List the prime factors of a(-8).
2, 3, 5, 17
Let f(o) be the third derivative of o**6/120 - o**5/20 - o**4/6 + 7*o**3/6 + 3*o**2. Let s be f(5). Let g = 56 - s. List the prime factors of g.
19
Suppose 3*t = 4*q - 560, 4*t - 700 = -8*q + 3*q. What are the prime factors of q?
2, 5, 7
Let w(y) = y**3 + 5*y**2 - y - 4. Let h be w(-5). List the prime factors of h*(2 + 67) - 4.
5, 13
What are the prime factors of ((-2830)/(-6) + -1)/(40/60)?
2, 353
Let m be -3 + 8/2 - 1. Suppose m = 2*v - v - 70. Suppose -4*i + 3*h = -171 + 56, 4*h + v = 2*i. What are the prime factors of i?
5
Let m be 34/8 + ((-75)/(-20) - 3). Let w(s) = 24*s - 11. List the prime factors of w(m).
109
Let j = -18 - -21. Suppose j*l - l - 76 = 0. List the prime factors of l.
2, 19
Suppose 6*f = -2 + 2. Suppose 2*v = l - 239, f = -2*l + 3*l - 5*v - 248. What are the prime factors of l?
233
Let d(m) = -m**3 + 19*m**2 + 12*m - 12. Let o be d(19). Suppose 9*n = 5*n + o. What are the prime factors of n?
2, 3
Let g = 22 + -13. Suppose -14*d + 460 = -g*d. Let u = d - 41. What are the prime factors of u?
3, 17
Let g(o) = o**3 - 10*o**2 - 10*o + 1. What are the prime factors of g(12)?
13
Let j(i) = -66*i**2 - 3*i - 1. Let q be j(-2). Let o = q + 404. Suppose 3*k = -5*s + 174, 0 = -5*s + 3*k + 11 + o. What are the prime factors of s?
3, 11
Let c = 215 + 78. What are the prime factors of c?
293
What are the prime factors of (-49)/2*5/(-5)*4?
2, 7
Let l(f) = -f**3 - 8*f**2 - 2*f - 14. Let r be l(-8). Suppose r*p = -3*p + 465. Suppose -3*c + 0*c + p = 0. What are the prime factors of c?
31
Let d(l) = l**2 + 10*l + 5. Let b be d(-9). Let t be (-1)/2*(b + 4). Suppose -w = -t*w - 14. List the prime factors of w.
2, 7
Suppose -3*t + 16 = -3*s + 2*s, -3*t = -3*s - 18. Suppose -3*f + 2*f - n = -93, f + t*n = 101. List the prime factors of f.
7, 13
Suppose 8 = -26*z + 24*z, 0 = 2*x + 3*z - 430. List the prime factors of x.
13, 17
Let g(i) = i**3 - 1. Let a be g(7). Let k = -58 + a. What are the prime factors of k?
2, 71
Let x(y) = 118*y + 3. Let f be x(-6). Let t be (-52)/(-14) - 4/(-14). What are the prime factors of f/(-45) + t/(-6)?
3, 5
Let v be 10/(-4)*8/(-5). Suppose -16 = -v*l - 368. List the prime factors of (-1)/(l/28 - -3).
7
Let b = 5090 - 3599. What are the prime factors of b?
3, 7, 71
Suppose 216*h = 218*h - 8. Suppose 3*x - 925 = -4*u + h*x, 687 = 3*u - 3*x. What are the prime factors of u?
2, 29
Suppose -5*z + 4*s = -3034, -3*z - 4*s + 1603 = -243. What are the prime factors of z?
2, 5, 61
Suppose 3*h - 2*s - 1932 = 0, 2*s - 6*s = 12. What are the prime factors of h?
2, 3, 107
Let q = 77 - 124. What are the prime factors of -1*(q + -3 + 2)/1?
2, 3
List the prime factors of 3 - (-3 - 252*2).
2, 3, 5, 17
Suppose -4*q + 11 = -5*g, -q + 0*q - 4*g + 8 = 0. What are the prime factors of ((-10)/q)/(-5) + (-476)/(-8)?
2, 3, 5
Suppose 7*p - 20*p + 26 = 0. List the prime factors of (5 - p - 8) + 42.
37
Let x = -25 + 45. Let k be 4/(-10) - (-28)/x. List the prime factors of (k*12)/(5/5).
2, 3
Suppose -37*s + 77738 = 5070. List the prime factors of s.
2, 491
Let z(x) = x**3 - 27*x**2 + 34*x + 141. What are the prime factors of z(26)?
349
Let x(q) = q**3 + 10*q**2 - 10*q + 13. Let k be x(-11). List the prime factors of (k/(-6) - 3952/(-39)) + -3.
2, 7
Let k be (-2)/8 - 570/(-40). Let t(d) = 10 + 14 - 26 - k*d. What are the prime factors of t(-1)?
2, 3
Let s(d) = -d**2 + 6*d + 2. Let p be s(6). Let q be (7 - 8)/(p/(-6)). Suppose -b = -2*n - 2*b + 55, -q*n + 4*b + 77 = 0. What are the prime factors of n?
3
Suppose -3*w + 9 = -0. Suppose w*d + 220 = 14*d. What are the prime factors of d?
2, 5
Let n(p) = p**2 + 12*p - 10. Suppose 0 = 4*b - 3*b - 5. Suppose 2*f = -b - 21. What are the prime factors of n(f)?
3
Suppose 0 = 2*c - 2177 - 2047. What are the prime factors of c?
2, 3, 11
Let w(a) = -4*a + 3*a - 7 - 6 + 2*a**2 + 9*a. List the prime factors of w(-9).
7, 11
Let c(j) be the third derivative of j**5/60 + 9*j**2. Let m(g) = g**3 + 6*g**2 - 8*g - 5. Let l(o) = -c(o) + m(o). List the prime factors of l(-6).
7
Let j be 2/((-1)/50*20/(-8)). Suppose -5*c + j = -c. What are the prime factors of c?
2, 5
Let g(t) = 3*t**3 - 2*t**2 + t - 1. Let v(x) = x**2 - 2*x + 2. Let d be v(2). Suppose -p + d = -0. What are the prime factors of g(p)?
17
Suppose 414 + 2145 = b. What are the prime factors of b?
3, 853
Let u(j) = -4*j - 17. Let o be u(-5). Suppose 2*i - 328 = -4*l, -4*l + o*i = -3*l - 96. What are the prime factors of l?
2, 3, 7
Let q(d) = -d**3 - 5*d**2 + 5*d + 35. List the prime factors of q(-11).
2, 353
Let r be (0 + 1)*(1 - -3). Suppose r*u = 3 + 269. List the prime factors of u.
2, 17
Let a = 2991 - 1037. What are the prime factors of a?
2, 977
Let l = -1321 + 2040. What are the prime factors of l?
719
Let c(i) = -4*i**2 - 6*i - 2. Let m(a) = -a**2 - a + 1. Let u(f) = -c(f) + 3*m(f). List the prime factors of u(9).
113
Suppose -3*l + 2*s = -6, 3*l = 2*l + 2*s - 2. List the prime factors of 8*(0 + l/4).
2
Let f = -10519 + 14759. List the prime factors of f.
2, 5, 53
Let d(f) = -f**3 + f**2 + 2*f + 3. Let q be d(0). Suppose 0*u + q*u = 3*z + 240, -5*u + 412 = -2*z. What are the prime factors of u?
2, 3, 7
Suppose -29 = -3*r + 2*n, 0*n - 2*n - 8 = 0. Suppose r = 2*w + 3. List the prime factors of -93*(w + 21/(-9)).
31
Let r(y) = 2*y**2 - 3*y - 6. Let o be r(-4). Suppose -9*b + o = -7*b. List the prime factors of b.
19
Let g(f) = -2*f - 9. Let t be g(-6). Suppose -t*a + 18 = -0*w - 3*w, w = -4*a + 34. What are the prime factors of a/(-6)*72/(-16)?
2, 3
What are the prime factors of (70280/770)/((-4)/(-22))?
2, 251
What are the prime factors of (0 - -1656)*20/40?
2, 3, 23
Suppose 9*v - 48 = 3*v. Let k(m) = -3*m**2 + 22*m - 11. Let a(b) = -b. Let h(q) = -2*a(q) - k(q). List the prime factors of h(v).
43
Let m(i) = i**3 + i**2 + 2*i - 6. Let n be m(3). List the prime factors of (-4)/18 - (-1952)/n.
2, 3
Suppose 31*g = 2128 + 53889. List the prime factors of g.
13, 139
Suppose 4*m - 4 = -0*m + 2*p, -4*p + 6 = -m. Let x(g) = 5*g**2 + 2*g - 1. Let u be x(m). Suppose -u = -5*a + 17. List the prime factors of a.
2
Suppose w = 4 - 2. Suppose -w*t - 5*d + 44 = 0, 3*t - 11 = 4*d + 32. List the prime factors of t.
17
Let k be 3/((-4)/(-4)) + -7. What are the prime factors of k/(-1)*237/12?
79
Let q(u) = u + 13. Let r be q(-9). Suppose 4*i = -r*m + 12, 11 = 3*i + 5*m - 0*m. Suppose -2*s + 11 = g, 3*s - 30 = -i*g - 4. What are the prime factors of g?
19
What are the prime factors of 411 - 12/(9/3)?
11, 37
Let c(v) be the second derivative of v**3/6 + 55*v**2/2 + 7*v. Suppose 0 = -4*f + 2*f - 0*f. List the prime factors of c(f).
5, 11
Let p = 6 + -7. Let h be 336/33 - 2/11. What are the prime factors of -20*(h/8)/p?
5
Suppose 3*v = -145 + 604. List the prime factors of v.
3, 17
Let h = 566 - 879. Let k = -159 - h. List the prime factors of k.
2, 7, 11
Let q(s) = 2*s + 20. Let a be q(-9). Suppose -4*v + 3*j = -299, 5*j + 139 = 4*v - a*v. What are the prime factors of v?
7, 11
Suppose 52*v - 55*v = -2667. What are the prime factors of v?
7, 127
Let l = -13 + 183. Suppose -t = v + 2*v - 498, v = t + l. List the prime factors of v.
167
Suppose -2*t - 5*k = -5983, 5*t - 44*k - 14966 = -48*k. What are the prime factors of t?
2, 3, 499
Suppose -5*s + 6 = 41. Let i(a) = -3*a + 16. Let w be i(s). Let u = -18 + w. List the prime factors of u.
19
Suppose 0 = -t + 2*n - n - 11, -2*t = -5*n + 34. Let m be ((-19)/57)/((-138)/(-135) - 1). Let g = t - m. List the prime factors of g.
2
Suppose -8181 = -5*k - 3*o + 5